d = d + 1. Is (1/3)/(u/(-279)) a prime number?
True
Let u(d) = -d**3 + 4*d**2 + 6*d. Let y be u(5). Suppose -r = 3*k - 4, -k - r = -0*k. Suppose k*j + 83 = h + j, 4*j = -y*h + 379. Is h composite?
False
Let a = -101 - -212. Is a a prime number?
False
Suppose 4*p = -v + 188, p + 8 - 62 = -2*v. Suppose -g + k = -5*g + 44, -4*k + p = 3*g. Is g a prime number?
False
Suppose 2*s - 24 = -s. Let j(z) = 18*z + 5. Is j(s) a composite number?
False
Let i(v) = 6*v**3 + v. Let j be i(-1). Let p be (-8)/28 + (-3509)/j. Suppose -3*y + 4*h = -p, -y + 2*h - 6*h + 151 = 0. Is y composite?
False
Suppose -22*q = -17*q - 11665. Is q prime?
True
Let x = -98 - -62. Suppose 3*n = -4*g - 2*n - 59, 0 = 2*g - n + 19. Let i = g - x. Is i a prime number?
False
Suppose -4 = -2*p - 4*d - 0, -6 = p - 2*d. Is 75 - 4/p*1 a prime number?
False
Let x(z) = -z. Let o be x(-2). Suppose 5*i = 15, -5*s - o*i + 314 = -s. Is s composite?
True
Let n = -3 - -1. Let p = n - -1. Let u = 14 - p. Is u composite?
True
Let x(p) = p**3 + 10*p**2 - 9*p - 1. Suppose -45 = -8*y + 3*y. Suppose -3*m = -4*m - y. Is x(m) prime?
False
Let k(m) = -9*m + 1. Suppose 55 = 5*c - 5. Suppose 0 = 2*b - 4*b - c. Is k(b) composite?
True
Is (-3)/(-2)*410/45*141 prime?
False
Let o(p) = 126*p**2 + 4*p + 3. Let v be o(-2). Is (v - -2 - -2) + 0 a prime number?
True
Let s be 13*(2 + (0 - 3)). Let u = s + 98. Is u prime?
False
Let w(d) be the second derivative of d**6/45 + d**5/60 - d**4/8 + d**3/6 - d. Let s(n) be the second derivative of w(n). Is s(2) composite?
True
Let f(n) = 68*n - 85*n + 2*n**2 + 2 + 0*n**2. Is f(12) composite?
True
Is (12/4 + -2)*(-2 - -189) a prime number?
False
Let d(s) = s**2 - 2. Let o be d(-2). Suppose -o*k = -3*k + 3. Suppose 23 = k*b - 52. Is b composite?
True
Let a = 3748 + -2200. Suppose -5*f - 23 + a = 0. Is f a prime number?
False
Let j(s) = 3*s + 4 - 1 + 3. Let f be j(-7). Is (-792)/f - (-2)/10 composite?
False
Let o be 4/(-6) - (-5536)/6. Suppose -o - 10 = -4*w. Is w prime?
True
Let r be (-6)/(-8) - (-13)/4. Suppose i + 3*i + 2*q = 58, 0 = -2*i + r*q + 14. Is i a composite number?
False
Suppose 217 = 3*m - 14. Is m composite?
True
Let q(n) = -n**2 - n + 265. Suppose 0*s + 1 = s. Let t be 0*((-9)/6 + s). Is q(t) composite?
True
Suppose 5*g - 3*j = 4*g - 12, 3*g + 2*j = 19. Suppose 0 = g*x - 102 - 57. Is x prime?
True
Suppose 3*y - 8*y = 5, -l + y = -98. Is l a prime number?
True
Let d(n) = 3 - 13 - 26*n + 3. Is d(-6) prime?
True
Let j(m) = m**2 - 4*m - 1. Is j(-14) composite?
False
Let n(h) = -h**3 + 3*h**2 + 5*h + 3. Let z = 11 + -7. Let u be n(z). Suppose -u*w + 2*w = -335. Is w prime?
True
Let c(j) = -j**3 + 5*j**2. Let i be c(5). Let w(h) = -h + 127. Is w(i) a prime number?
True
Suppose -a + 108 = -1291. Is a a prime number?
True
Let j = 1227 - -1024. Is j a prime number?
True
Suppose 0*r - 2259 = -2*r - 5*h, 5*h = 25. Suppose 0 = d - 0*d - r. Is d prime?
True
Suppose v - 99 = 232. Is v a prime number?
True
Suppose 3*a + i = -1, -5*a - 2*i - 3 + 2 = 0. Let u be (5 - (1 - a))*-9. Let c = 64 + u. Is c a composite number?
False
Let v be 1228*-4*2/(-16). Suppose 5*f + 4*l - 1535 = 0, 0*f + 5*l + v = 2*f. Is f a prime number?
True
Let y(r) = -4*r + 1. Is y(-9) a prime number?
True
Suppose -4*c + 524 = 4*y, 3*y - 524 = -4*c + 6*y. Is c a prime number?
True
Suppose g - 4*k + 11 = -7, 3*g = 3*k - 9. Suppose 0 = g*u - 7*u + 10. Suppose u*q - 106 = -12. Is q a composite number?
False
Suppose 70 = 5*b + 5*a, 4*a = 5*b + 2*a - 42. Is b prime?
False
Suppose -2*k - 3*n + 471 = 2*k, k - 139 = -5*n. Suppose -3*p = -k - 0. Is p prime?
False
Let p(h) = -3*h**3 - 2*h**2 + 2*h + 3. Let m be ((-2)/4)/(2/8). Is p(m) a composite number?
True
Let m = 2 - -111. Is m a prime number?
True
Let w(n) = -n - 10. Let a be (2/(-4))/(2/32). Let f be w(a). Is 0 - (2 - (f - -23)) a composite number?
False
Let y(c) = c**3 - 15*c**2 + 14*c + 10. Let h be y(14). Is -1 - -5 - (8 - h) composite?
True
Suppose 3*r + 833 = 2171. Suppose 0*t + r = 2*t. Is t prime?
True
Suppose 3*m = -2 + 47. Is m prime?
False
Let c(h) = -226*h**3 - h**2 - 3*h - 2. Is c(-1) a composite number?
True
Let w = -2 + 3. Is (13 - 8)/(w/29) a composite number?
True
Let b be 20/15 + (-6)/(-9). Let g = 35 + b. Is g a prime number?
True
Suppose 2*l - 3078 = -2*h, 0*l - 2*l = 4*h - 3070. Is l a prime number?
True
Let u(d) = d**3 + 11*d**2 - 3*d - 3. Let z(o) = -o**3 + 8*o**2 - o - 2. Let i be z(8). Is u(i) composite?
False
Is 121/(-22)*(-2 - 38 - -2) a composite number?
True
Suppose 0 = -0*d - 7*d + 3283. Is d prime?
False
Suppose 0 = -2*l + 5*u + 267, 3*l - u = -2*l + 656. Is l composite?
False
Suppose -6 = -5*z + 2*z. Suppose 0 = -2*g + 3*g + z. Is 75/1*g/(-6) prime?
False
Let x = 58 - -27. Let m = -57 - -9. Let u = x + m. Is u prime?
True
Let i = 958 + -479. Is i a prime number?
True
Let m be ((-129)/(-15) - 1) + (-6)/10. Let h(a) be the first derivative of a**4/4 - 7*a**3/3 + 5*a**2 - a + 1. Is h(m) a prime number?
False
Let s(q) = -q**3 - 4*q**2 - 4*q**2 - 2*q**3 - 4*q + q**2 + 5. Let t be s(-6). Suppose -5*d = -0*d - t. Is d a prime number?
False
Suppose z + 24 = 72. Suppose -z = 5*c - 118. Is c a prime number?
False
Suppose -2*i = 3*i. Let u be 5 + (i - 0)/3. Let m = u + 14. Is m a composite number?
False
Let x be (-54)/12*1*2. Is (-876)/x + (-1)/3 a prime number?
True
Suppose -3*t + 3*u - 2435 = -8*t, -5*u = -t + 487. Is t a composite number?
False
Suppose -4*y + 2871 = 5*y. Is y composite?
True
Let i = 96 - -61. Is i prime?
True
Let n be (-15)/(-3)*2 - 2. Let r = n - 1. Is r prime?
True
Let t(c) = -c**2 + 7*c + 6. Let o be t(7). Let h(d) = 2*d**2 - 3*d + 2. Let f be h(o). Let w = -19 + f. Is w a prime number?
True
Let a be -2 + -1 + 2 + 4. Suppose a*r - 25 = -2*r. Let f(z) = z**2 - 2*z - 6. Is f(r) a composite number?
True
Suppose -3*m + 6*m - h = 2587, 4*m + 3*h - 3445 = 0. Is m prime?
False
Let r be 616/14 + (-2)/2. Suppose -38 = m - 3*q - 175, 0 = -2*m - q + 267. Let i = m + r. Is i a composite number?
True
Suppose 5*v - 865 = h + 3*h, -2*v = 2*h - 364. Is v composite?
True
Let s = 405 - 214. Is s composite?
False
Is (-2485)/(-28) + (-2)/(-8) a composite number?
False
Suppose 56 = 4*n - 116. Is n composite?
False
Suppose 19 = d - 3. Suppose 0 = 4*q + t - 127, -q - 6 = -5*t - d. Is q composite?
False
Let j be (-743)/(-6) + 1/6. Suppose -h + 223 = -j. Is h a composite number?
False
Let o(j) = 113*j**2 + 2*j + 2. Let h be o(-1). Suppose -2*z + h = -z. Is z a composite number?
False
Let m = -14 - 1. Is (-3170)/(-25) + (-3)/m a prime number?
True
Let a(c) = -2*c - 30. Is a(-20) prime?
False
Let t(p) = -22*p**2 + 4*p - 5. Let z be t(-4). Let a = 268 - z. Is a a prime number?
True
Suppose -z - j + 100 = -3*j, 2*z + j - 185 = 0. Suppose -3*d + z = -d. Is d composite?
False
Let j(k) = 7*k**3 + 20*k**2 + 24*k - 8. Let n(m) = m**3 + m**2 + m - 1. Suppose -4*b - 4 = -0*b. Let g(y) = b*j(y) + 6*n(y). Is g(-13) composite?
False
Is -1 + -2 - -1 - -2937 prime?
False
Let g(p) = -7*p**2 + p**2 + 5*p**2 + 303 + 604. Is g(0) a composite number?
False
Suppose 0 = 5*w - 5*b - 15, -b = -0*w + w - 7. Let m = 110 - 105. Suppose -m*z = -g + 303, g + w*z - 97 = 186. Is g composite?
False
Suppose 0*n + 3*n + 51 = 0. Let x be (60/9)/((-2)/(-12)). Let h = x + n. Is h a prime number?
True
Let s(w) = 5 + 29*w**2 + 0*w - 2 - 2*w. Is s(2) a prime number?
False
Suppose -l + 165 = 16. Is l a composite number?
False
Is ((-26)/65)/(2/(-3715)) prime?
True
Let s(o) = -o**3 + 4*o**2 - 2*o - 1. Let h be s(2). Let t be h + (-1 + -1 - -2). Is (230/(-4))/(t/(-6)) prime?
False
Let x(v) = -v - 3. Let f be x(-1). Let i(r) = -7*r + 3 - 3 - 4*r. Is i(f) a prime number?
False
Suppose -4*u + 62 + 90 = 0. Suppose -z + 170 = j - u, 4*z = 5*j + 841. Is z prime?
False
Let y = 2 - 2. Suppose 5*o + f - 7 = 22, y = -3*o + 2*f + 7. Suppose 84 = -r + o*r. Is r prime?
False
Let g be 6/1 + (-6 - -4). Suppose -g*r = -2*r. Is r/10 + (2 - -1) a composite number?
False
Suppose -4*q = 4 - 0. Let f(n) = -n**2 - n + 1. Let l(r) = 36*r**3 - 4*r**2 - 4*r + 2. Let v(j) = 3*f(j) - l(j). Is v(q) prime?
True
Suppose -5*x = -2*r + 805, 778 = 2*r - 0*r + 4*x. Is r a prime number?
False
Let x = 0 - -1. Is (1 + -41 + x)/(-1) composite?
True
Let j(t) = 3375*t**2 + t + 1. Is j(1) a prime number?
False
Suppose -x + 6